e g(0). Suppose 8*k + 15 = 471. Let m = q + k. Calculate the greatest common divisor of m and 10.
10
Suppose x - 5*l = -15, 4*l - 12 = -0*x + 3*x. Let v(p) = -p + 19. Let i be v(x). Suppose 0 = 2*h - 51 - 253. Calculate the highest common divisor of h and i.
19
Suppose -2700*j + 2704*j - 156 = 0. What is the highest common divisor of 4992 and j?
39
Let t be (-2)/(-4) + 18/(-4). Let r be ((-22)/6)/(t/(-24)). Let h be 1*-17*(-23 - r). What is the highest common factor of 85 and h?
17
Let r be (4/5)/(4/50). Let d(z) = z + 90. Let t be d(-10). Calculate the greatest common divisor of t and r.
10
Let j(n) = n**2 - 22*n + 495. Let v be j(0). What is the greatest common factor of v and 90?
45
Let x = 53 - 25. What is the greatest common factor of x and 7?
7
Let w(g) = -12 - 62*g - 24 + 64*g. Let r be w(21). Calculate the highest common factor of 3 and r.
3
Suppose 38 = -5*w - 77. Let f = w + 27. Suppose j - 6*j + 86 = -f*n, -5*n - 31 = -2*j. Calculate the greatest common divisor of 45 and j.
9
Suppose 2*m = -10 + 18. Let k = 2 - -3. Suppose -k*x = -183 + 3. Calculate the highest common factor of m and x.
4
Let g(d) = 34*d - 3. Let j be g(2). Let z = -49 + j. Calculate the highest common factor of 80 and z.
16
Suppose 5 - 83 = 2*h. Let l = 43 + h. What is the greatest common factor of l and 28?
4
Let w = -83 + 193. Suppose -w + 20 = -9*m. Calculate the highest common divisor of 30 and m.
10
Let i be -2*3*(-196)/6. Let t(p) = 6*p - 12. Let x be t(5). Suppose x - 186 = -6*s. What is the highest common divisor of i and s?
28
Suppose y = -2*k + 25, y + 12*k - 35 = 8*k. Calculate the greatest common divisor of y and 35.
5
Suppose -104 + 24 = -8*a. Suppose -4*x + 30 = -2*x. Calculate the greatest common divisor of a and x.
5
Let h(p) = 51*p - 187. Let i be h(4). What is the highest common factor of 493 and i?
17
Let n be 15 - 17 - ((1 - 923) + 2). What is the highest common divisor of 51 and n?
51
Suppose 3*w - i + 46 = -0*w, 0 = -5*w - i - 74. Suppose 0 = -2*c - 91 + 11. Let d be (c/w)/((-2)/(-27)). Calculate the highest common divisor of 4 and d.
4
Let u(z) = -2*z + 80. Let l be u(-8). Calculate the greatest common divisor of l and 12.
12
Let d be -8*1*2/(-4). Suppose d = -3*a - 11. Let w be 2 + a - (-36 - 3). Calculate the highest common factor of w and 4.
4
Suppose 0 = 2*n - 29*n + 1350. What is the greatest common factor of 40 and n?
10
Let v be 432/270*(9 - -1). Suppose -2*a + 5*a = 216. Suppose -v*r + a = -15*r. Calculate the greatest common factor of 8 and r.
8
Let b(l) = 18*l - 98. Let m be b(6). What is the greatest common divisor of m and 6?
2
Let v(s) = 42*s**2 - 3*s + 2. Let j be v(1). Let i = j + -22. Let a be 2 - 0 - 55*-1. Calculate the highest common factor of a and i.
19
Suppose -4*o + 633 = -787. Calculate the highest common divisor of o and 284.
71
Let y(j) be the second derivative of -j**5/20 + 7*j**4/12 + 5*j**3/3 - 4*j**2 - 7*j. Let g be y(8). Calculate the highest common divisor of g and 12.
4
Let x = 422 + -103. Let i(p) = -2*p**3 - 7*p**2 - 3*p + 1. Let c be i(-4). What is the greatest common factor of c and x?
29
Suppose n - 144 = -3*n. Suppose 6*a - n - 126 = 0. Calculate the greatest common factor of a and 63.
9
Suppose 4*t - z = -5*z + 76, 5*t - 89 = -2*z. Let k(p) = -4*p + 168. Let d be k(25). What is the greatest common factor of t and d?
17
Let x = -52 + 124. Calculate the greatest common divisor of 54 and x.
18
Suppose -5*x + 0*x + 25 = 0. Let t = -1442 + 1447. Calculate the greatest common divisor of x and t.
5
Let n = 98 - -55. Suppose 8*c - o - 68 = 4*c, 85 = 5*c - 5*o. Calculate the greatest common factor of n and c.
17
Let p = 203 + -139. Calculate the greatest common factor of p and 8.
8
Let u be (-2)/(-8) + 190/40. Let o = 0 + u. Suppose -4*a - 5*p = -28, o*a + 2*p - 15 - 3 = 0. Calculate the highest common factor of a and 2.
2
Let c be (-6)/21 + (-1140)/(-21). Suppose 0 = 4*z - c - 2. Suppose -w = w - 6, w + 7 = 5*f. What is the greatest common divisor of f and z?
2
Let u = -66 - -71. Suppose -u*w + 132 = 17. Calculate the highest common factor of w and 92.
23
Suppose 9*y + 8 = 5*y. Let f be ((-2)/4)/(y/16). Suppose -f*k + 454 = x + 101, 4*k - 354 = -2*x. Calculate the highest common divisor of 22 and k.
22
Let r(l) = l**2 - 6*l - 5. Let w = 19 - 12. Let s be r(w). Suppose -15 = -s*c + 9. What is the highest common factor of c and 3?
3
Suppose 175 = -3*m - 2*m. Let q = m + 154. What is the greatest common factor of 17 and q?
17
Let f be (5 - 1)/(2/1). Let l be f - (1 - 32) - 4. Calculate the greatest common factor of l and 232.
29
Suppose -4*p + 849 - 837 = 0. Calculate the greatest common factor of p and 192.
3
Let h be (0 + (-144)/30)/((-12)/640). What is the greatest common divisor of 704 and h?
64
Let j(t) = 5*t + 8. Let f be j(4). Let y = 0 + f. Calculate the greatest common factor of y and 196.
28
Suppose 10*j - 56 - 24 = 0. Suppose -j*i = -183 - 169. Calculate the highest common divisor of 308 and i.
44
Let i(k) = -k - 3*k + 32 + 11 + 5*k. Let y be i(-25). What is the greatest common factor of y and 126?
18
Suppose -3*f - 15 = 0, -15*p + 5*f - 455 = -20*p. What is the greatest common divisor of 9 and p?
3
Let p be 331/(-3) + 4/(-6). Let i = -107 - p. Calculate the greatest common factor of i and 4.
4
Let r(i) = -3*i - 13. Let s be r(-9). Let g(n) = 15*n**2 + 5*n - 8. Let l be g(-3). What is the highest common divisor of l and s?
14
Suppose 3*b + 3*m - 155 = -11, -5*b - 4*m = -243. Calculate the greatest common divisor of 561 and b.
51
Suppose g - 176 = -2*j, -152 = -g - 0*g + 4*j. Suppose 17*v - 13*v - g = 0. What is the highest common divisor of 336 and v?
42
Suppose 0 = 32*b - 20337 + 1073. What is the greatest common divisor of b and 56?
14
Let b(m) = 81*m + 613. Let w be b(-5). What is the greatest common divisor of 130 and w?
26
Let r be (-85)/(-3) - (-2)/(-6). Suppose 23 + 209 = 58*g. What is the highest common divisor of g and r?
4
Let l(n) = 10*n**3 + 1. Let k be l(1). Let y be (-1 - 1)*81/(-2). Let d = y + 18. Calculate the highest common divisor of d and k.
11
Suppose m - 4*r + 8 = 30, 0 = 5*r - 20. What is the greatest common factor of 418 and m?
38
Suppose 4*p - 251 = -3*k, -5*k + 64 = p + 14. Let t be (-2)/16*2 + p/4. Calculate the highest common divisor of 48 and t.
16
Let x be (-8)/40 + 51/5. What is the greatest common divisor of x and 10?
10
Let j be 2*(10 + (-136)/(-16)). Calculate the highest common factor of 2627 and j.
37
Suppose 0 = 9*t - 11*t + 2. Let m(o) = 11*o**3 - 3*o + 2. Let y be m(t). Let d be 0 + (-4 - -2 - -7). What is the highest common factor of d and y?
5
Let q(y) = -11*y + 59. Let r be q(5). What is the greatest common divisor of 44 and r?
4
Suppose -79*l + 1638 = 58. Let t = -1 - -6. Suppose p + 1 = t. Calculate the greatest common factor of p and l.
4
Let k(s) = 10*s**3 + 2*s**2 + 9*s - 10. Let m be k(2). Calculate the highest common factor of 1504 and m.
32
Let m be (6/4)/((-21)/28). Let q be (-2 + 8)*(-4)/m. What is the highest common factor of 108 and q?
12
Let h be -1 + 4 + (-322)/(-14) - 1. What is the highest common divisor of 10 and h?
5
Suppose 165*c = 168*c - 4*q, -3*q = -c - 5. Calculate the highest common factor of c and 14.
2
Let g be 45/(-35)*(-6 + -1). Suppose -3*w - 90 = -g*w. What is the highest common divisor of w and 2?
1
Suppose l = 3*m - 762, m + 5*l = 3*m - 521. Let w = 1226 + -1203. What is the greatest common factor of w and m?
23
Let o = -1035 - -1373. Calculate the highest common divisor of 52 and o.
26
Let o(l) = -5*l - 15. Let k(b) = b + 4. Let s(h) = -18*k(h) - 4*o(h). Let v be s(16). Calculate the highest common divisor of 120 and v.
20
Let t be (-52)/9 - 20/90. Let f(n) = -n**2 - 7*n + 6. Let g be f(t). Let h = g + 0. Calculate the highest common divisor of h and 84.
12
Let w(v) = -9*v - 8. Let b(j) = 6 + 9 - 14. Let y(n) = 5*b(n) + w(n). Let g be y(-2). What is the greatest common factor of 165 and g?
15
Let u = 320 - 230. Calculate the greatest common divisor of u and 162.
18
Let l = -11 + 8. Let n(r) = 2*r**3 - 4*r - 1. Let u be n(l). Let v = -18 - u. Calculate the highest common divisor of v and 10.
5
Suppose -2*d - 4*i + 41 = -201, 267 = 2*d - i. Suppose -d - 4 = -9*x. Calculate the greatest common divisor of 3 and x.
3
Let n be (-4